{"id":21,"date":"2021-07-01T14:18:48","date_gmt":"2021-07-01T12:18:48","guid":{"rendered":"http:\/\/he-lifecare.de\/dev\/?page_id=21"},"modified":"2021-07-11T12:51:45","modified_gmt":"2021-07-11T10:51:45","slug":"leitbild","status":"publish","type":"page","link":"https:\/\/he-lifecare.de\/dev\/leitbild\/","title":{"rendered":"Leitbild"},"content":{"rendered":"<p>[et_pb_section fb_built=&#8220;1&#8243; _builder_version=&#8220;4.9.7&#8243; _module_preset=&#8220;default&#8220; background_color=&#8220;RGBA(0,0,0,0)&#8220; background_image=&#8220;https:\/\/he-lifecare.de\/dev\/wp-content\/uploads\/2021\/07\/back1_25percent.png&#8220;][et_pb_row column_structure=&#8220;1_2,1_2&#8243; make_equal=&#8220;on&#8220; _builder_version=&#8220;4.9.7&#8243; _module_preset=&#8220;default&#8220; background_enable_image=&#8220;off&#8220; background_size=&#8220;contain&#8220; background_position=&#8220;center_right&#8220; width=&#8220;90%&#8220;][et_pb_column type=&#8220;1_2&#8243; _builder_version=&#8220;4.9.7&#8243; _module_preset=&#8220;default&#8220;][ba_animated_text animated_text=&#8220;%91{%22value%22:%22%22,%22checked%22:0,%22dragID%22:-1},{%22value%22:%22Pflegeleitbild%22,%22checked%22:0,%22dragID%22:0}%93&#8243; animation_speed=&#8220;50ms&#8220; use_loop=&#8220;off&#8220; show_cursor=&#8220;off&#8220; _builder_version=&#8220;4.9.7&#8243; _module_preset=&#8220;default&#8220; animated_level=&#8220;h2&#8243; animated_font=&#8220;|600|||||||&#8220; animated_text_color=&#8220;#7F61A1&#8243; custom_margin=&#8220;200px||||false|false&#8220; custom_margin_tablet=&#8220;0px||||false|false&#8220; custom_margin_phone=&#8220;0px||||false|false&#8220; custom_margin_last_edited=&#8220;on|phone&#8220; custom_padding=&#8220;||||false|false&#8220; locked=&#8220;off&#8220;][\/ba_animated_text][et_pb_text ul_type=&#8220;circle&#8220; ul_item_indent=&#8220;50px&#8220; _builder_version=&#8220;4.9.7&#8243; _module_preset=&#8220;default&#8220; text_text_color=&#8220;#565655&#8243; text_line_height=&#8220;1.8em&#8220; ul_text_color=&#8220;#565655&#8243; ul_line_height=&#8220;1.8em&#8220; custom_margin=&#8220;||||false|false&#8220; custom_margin_tablet=&#8220;&#8220; custom_margin_phone=&#8220;0px||||false|false&#8220; custom_margin_last_edited=&#8220;on|phone&#8220; hover_enabled=&#8220;0&#8243; sticky_enabled=&#8220;0&#8243;]<\/p>\n<p>Unternehmensleitbild des au\u00dferklinischen Intensivpflegedienstes HE Life-Care GmbH sind grundliegende Gedanken unserer Arbeit beschrieben.<\/p>\n<p>Life bedeutet \u201eLeben\u201c. Dieser Gedanke beschreibt den Grundsatz unseres Handelns. Der Lebensbaum in unserem Logo bedeutet f\u00fcr uns Leben, Liebe, Hoffnung, Gl\u00fcck und Harmonie. Dieses Logo haben wir bewusst gew\u00e4hlt und steht f\u00fcr unsere Einstellung zu unseren Patienten.<\/p>\n<p>Wir haben uns zur Aufgabe gemacht, Menschen in au\u00dfergew\u00f6hnlichen und schwierigen Situationen in einer Wohngemeinschaft zu begleiten und zu unterst\u00fctzen. Wir gew\u00e4hrleisten eine fachliche, patientenorientierte, medizinisch-pflegerische Versorgung im Bereich der au\u00dferklinischen Beatmungstherapie oder anderen intensivpflichtigen Erkrankungen, um den uns anvertrauten Klienten an ein normales Leben soweit wie m\u00f6glich wieder heranzuf\u00fchren.<\/p>\n<p>Wir begreifen unsere Klienten als Partner. Pflege und medizinische Versorgung ist f\u00fcr uns ein gleichberechtigter Prozess zwischen Hilfesuchenden und Hilfegebenden der unter Ber\u00fccksichtigung von Pers\u00f6nlichkeit, Einstellung, Lebenserfahrung und individueller Situation eine qualitativ hochwertige Pflege anbietet.<\/p>\n<p>Unser Ziel ist die Zufriedenheit des Klienten, den wir mit Achtung und Respekt begegnen.<\/p>\n<p>[\/et_pb_text][\/et_pb_column][et_pb_column type=&#8220;1_2&#8243; _builder_version=&#8220;4.9.7&#8243; _module_preset=&#8220;default&#8220; background_enable_image=&#8220;off&#8220; background_size=&#8220;contain&#8220;][et_pb_image src=&#8220;https:\/\/he-lifecare.de\/dev\/wp-content\/uploads\/2021\/07\/bed2.png&#8220; title_text=&#8220;bed2&#8243; _builder_version=&#8220;4.9.7&#8243; _module_preset=&#8220;default&#8220; custom_margin=&#8220;-60px|-40px||-29px|false|false&#8220; custom_margin_tablet=&#8220;-20px||20px||false|false&#8220; custom_margin_phone=&#8220;-30px|-10px|150px|-5px|false|false&#8220; custom_margin_last_edited=&#8220;on|tablet&#8220;][\/et_pb_image][et_pb_text ul_type=&#8220;circle&#8220; ul_item_indent=&#8220;50px&#8220; _builder_version=&#8220;4.9.7&#8243; _module_preset=&#8220;default&#8220; text_text_color=&#8220;#565655&#8243; text_line_height=&#8220;1.8em&#8220; ul_text_color=&#8220;#565655&#8243; ul_line_height=&#8220;1.8em&#8220; custom_margin=&#8220;-24px||||false|false&#8220; custom_margin_tablet=&#8220;&#8220; custom_margin_phone=&#8220;-150px||||false|false&#8220; custom_margin_last_edited=&#8220;on|phone&#8220;]<\/p>\n<p>Wir gehen offen auf Bewohner anderer Kulturkreise zu. Ziel ist es, gemeinsam unsere Versorgung nach ihren individuellen Bed\u00fcrfnissen auszurichten. Unser Handeln ist hierbei von gegenseitiger Achtung und Toleranz gepr\u00e4gt.<br \/>Mit den Zielen dieses Pflegeleitbildes identifizieren sich sowohl alle Mitarbeiter, als auch die Unternehmensleitung. Die praktische Umsetzung dieses Leitbildes und die st\u00e4ndige Aktualisierung, ist f\u00fcr uns ein wesentlicher Punkt bei der qualifizierten Versorgung der von uns zu pflegenden Personen.<br \/>Der sich uns anvertrauende Bewohner steht im Mittelpunkt unserer Bem\u00fchungen.<br \/>Ihn in seinem individuellen Menschsein anzunehmen und zu respektieren, ist unser besonderes Anliegen. Durch den Aufbau einer vertrauensvollen Beziehung und gegenseitige Anerkennung versuchen wir, unseren Bewohnern eine Unterst\u00fctzung in ihren Lebensaktivit\u00e4ten zu geben.<\/p>\n<p>[\/et_pb_text][\/et_pb_column][\/et_pb_row][et_pb_row _builder_version=&#8220;4.9.7&#8243; _module_preset=&#8220;default&#8220;][et_pb_column type=&#8220;4_4&#8243; _builder_version=&#8220;4.9.7&#8243; _module_preset=&#8220;default&#8220;][et_pb_divider divider_position=&#8220;center&#8220; divider_weight=&#8220;2px&#8220; _builder_version=&#8220;4.9.7&#8243; _module_preset=&#8220;default&#8220;][\/et_pb_divider][\/et_pb_column][\/et_pb_row][et_pb_row _builder_version=&#8220;4.9.7&#8243; _module_preset=&#8220;default&#8220;][et_pb_column type=&#8220;4_4&#8243; _builder_version=&#8220;4.9.7&#8243; _module_preset=&#8220;default&#8220;][et_pb_text _builder_version=&#8220;4.9.7&#8243; _module_preset=&#8220;default&#8220; header_3_font=&#8220;|600|||||||&#8220; header_3_text_color=&#8220;#7F61A1&#8243; header_3_line_height=&#8220;1.4em&#8220;]<\/p>\n<h3>Zur Erf\u00fcllung dieser Herausforderung geh\u00f6ren weiterhin die folgenden Leits\u00e4tze:<\/h3>\n<p>[\/et_pb_text][\/et_pb_column][\/et_pb_row][et_pb_row column_structure=&#8220;1_3,1_3,1_3&#8243; use_custom_gutter=&#8220;on&#8220; gutter_width=&#8220;2&#8243; make_equal=&#8220;on&#8220; _builder_version=&#8220;4.9.7&#8243; _module_preset=&#8220;default&#8220; width=&#8220;90%&#8220;][et_pb_column type=&#8220;1_3&#8243; _builder_version=&#8220;4.9.7&#8243; _module_preset=&#8220;default&#8220; background_color=&#8220;#E5DEED&#8220; use_background_color_gradient=&#8220;on&#8220; background_color_gradient_start=&#8220;#ffffff&#8220; background_color_gradient_end=&#8220;#e5deed&#8220; background_color_gradient_type=&#8220;radial&#8220; background_color_gradient_direction_radial=&#8220;top left&#8220; border_radii=&#8220;on|20px|20px|20px|20px&#8220; border_width_all=&#8220;2px&#8220; border_color_all=&#8220;#9F7BB6&#8243; box_shadow_style=&#8220;preset3&#8243;][ba_icon_box icon=&#8220;%%202%%&#8220; title=&#8220; &#8220; description=&#8220;Die Wahrung eines H\u00f6chstma\u00dfes an Privatsph\u00e4re hat f\u00fcr uns oberste Priorit\u00e4t.&#8220; icon_color=&#8220;#7F61A1&#8243; _builder_version=&#8220;4.9.7&#8243; _module_preset=&#8220;default&#8220; description_font=&#8220;|600|||||||&#8220; description_text_color=&#8220;#7F61A1&#8243; description_font_size=&#8220;20px&#8220; custom_padding=&#8220;20px|20px|20px|20px|false|false&#8220;][\/ba_icon_box][\/et_pb_column][et_pb_column type=&#8220;1_3&#8243; _builder_version=&#8220;4.9.7&#8243; _module_preset=&#8220;default&#8220; background_color=&#8220;#E5DEED&#8220; use_background_color_gradient=&#8220;on&#8220; background_color_gradient_start=&#8220;#ffffff&#8220; background_color_gradient_end=&#8220;#e5deed&#8220; background_color_gradient_type=&#8220;radial&#8220; background_color_gradient_direction_radial=&#8220;top left&#8220; border_radii=&#8220;on|20px|20px|20px|20px&#8220; border_width_all=&#8220;2px&#8220; border_color_all=&#8220;#9F7BB6&#8243; box_shadow_style=&#8220;preset3&#8243;][ba_icon_box icon=&#8220;%%202%%&#8220; title=&#8220; &#8220; description=&#8220;Wir binden unsere Klienten in alle Entscheidungen ihres Pflegeprozesses aktiv ein.&#8220; icon_color=&#8220;#7F61A1&#8243; _builder_version=&#8220;4.9.7&#8243; _module_preset=&#8220;default&#8220; description_font=&#8220;|600|||||||&#8220; description_text_color=&#8220;#7F61A1&#8243; description_font_size=&#8220;20px&#8220; custom_padding=&#8220;20px|20px|20px|20px|false|false&#8220;][\/ba_icon_box][\/et_pb_column][et_pb_column type=&#8220;1_3&#8243; _builder_version=&#8220;4.9.7&#8243; _module_preset=&#8220;default&#8220; background_color=&#8220;#E5DEED&#8220; use_background_color_gradient=&#8220;on&#8220; background_color_gradient_start=&#8220;#ffffff&#8220; background_color_gradient_end=&#8220;#e5deed&#8220; background_color_gradient_type=&#8220;radial&#8220; background_color_gradient_direction_radial=&#8220;top left&#8220; border_radii=&#8220;on|20px|20px|20px|20px&#8220; border_width_all=&#8220;2px&#8220; border_color_all=&#8220;#9F7BB6&#8243; box_shadow_style=&#8220;preset3&#8243;][ba_icon_box icon=&#8220;%%202%%&#8220; title=&#8220; &#8220; description=&#8220;Wir ber\u00fccksichtigen jegliche Bed\u00fcrfnisse \u2013 sozial-kulturelle und psychologische.&#8220; icon_color=&#8220;#7F61A1&#8243; _builder_version=&#8220;4.9.7&#8243; _module_preset=&#8220;default&#8220; description_font=&#8220;|600|||||||&#8220; description_text_color=&#8220;#7F61A1&#8243; description_font_size=&#8220;20px&#8220; custom_padding=&#8220;20px|20px|20px|20px|false|false&#8220;][\/ba_icon_box][\/et_pb_column][\/et_pb_row][et_pb_row column_structure=&#8220;1_3,1_3,1_3&#8243; use_custom_gutter=&#8220;on&#8220; gutter_width=&#8220;2&#8243; make_equal=&#8220;on&#8220; _builder_version=&#8220;4.9.7&#8243; _module_preset=&#8220;default&#8220; width=&#8220;90%&#8220; border_color_all=&#8220;RGBA(0,0,0,0)&#8220;][et_pb_column type=&#8220;1_3&#8243; _builder_version=&#8220;4.9.7&#8243; _module_preset=&#8220;default&#8220; background_color=&#8220;#E5DEED&#8220; use_background_color_gradient=&#8220;on&#8220; background_color_gradient_start=&#8220;#ffffff&#8220; background_color_gradient_end=&#8220;#e5deed&#8220; background_color_gradient_type=&#8220;radial&#8220; background_color_gradient_direction_radial=&#8220;top left&#8220; border_radii=&#8220;on|20px|20px|20px|20px&#8220; border_width_all=&#8220;2px&#8220; border_color_all=&#8220;#9F7BB6&#8243; box_shadow_style=&#8220;preset3&#8243;][ba_icon_box icon=&#8220;%%202%%&#8220; title=&#8220; &#8220; description=&#8220;Wir \u00fcbernehmen bewusst Verantwortung und entwickeln im Rahmen der vereinbarten Grunds\u00e4tze und Leitlinien Eigeninitiative und Einsatzbereitschaft.&#8220; icon_color=&#8220;#7F61A1&#8243; _builder_version=&#8220;4.9.7&#8243; _module_preset=&#8220;default&#8220; description_font=&#8220;|600|||||||&#8220; description_text_color=&#8220;#7F61A1&#8243; description_font_size=&#8220;20px&#8220; custom_padding=&#8220;20px|20px|20px|20px|false|false&#8220;][\/ba_icon_box][\/et_pb_column][et_pb_column type=&#8220;1_3&#8243; _builder_version=&#8220;4.9.7&#8243; _module_preset=&#8220;default&#8220; background_color=&#8220;#E5DEED&#8220; use_background_color_gradient=&#8220;on&#8220; background_color_gradient_start=&#8220;#ffffff&#8220; background_color_gradient_end=&#8220;#e5deed&#8220; background_color_gradient_type=&#8220;radial&#8220; background_color_gradient_direction_radial=&#8220;top left&#8220; border_radii=&#8220;on|20px|20px|20px|20px&#8220; border_width_all=&#8220;2px&#8220; border_color_all=&#8220;#9F7BB6&#8243; box_shadow_style=&#8220;preset3&#8243;][ba_icon_box icon=&#8220;%%202%%&#8220; title=&#8220; &#8220; description=&#8220;Wir halten stets die Schweigepflicht \u00fcber Personen und Daten ein.&#8220; icon_color=&#8220;#7F61A1&#8243; _builder_version=&#8220;4.9.7&#8243; _module_preset=&#8220;default&#8220; description_font=&#8220;|600|||||||&#8220; description_text_color=&#8220;#7F61A1&#8243; description_font_size=&#8220;20px&#8220; custom_padding=&#8220;20px|20px|20px|20px|false|false&#8220;][\/ba_icon_box][\/et_pb_column][et_pb_column type=&#8220;1_3&#8243; _builder_version=&#8220;4.9.7&#8243; _module_preset=&#8220;default&#8220; background_color=&#8220;#E5DEED&#8220; use_background_color_gradient=&#8220;on&#8220; background_color_gradient_start=&#8220;#ffffff&#8220; background_color_gradient_end=&#8220;#e5deed&#8220; background_color_gradient_type=&#8220;radial&#8220; background_color_gradient_direction_radial=&#8220;top left&#8220; border_radii=&#8220;on|20px|20px|20px|20px&#8220; border_width_all=&#8220;2px&#8220; border_color_all=&#8220;#9F7BB6&#8243; box_shadow_style=&#8220;preset3&#8243;][ba_icon_box icon=&#8220;%%202%%&#8220; title=&#8220; &#8220; description=&#8220;Wir schaffen die Grundlage f\u00fcr berufliches Selbstbewusstsein und Freude am Beruf.&#8220; icon_color=&#8220;#7F61A1&#8243; _builder_version=&#8220;4.9.7&#8243; _module_preset=&#8220;default&#8220; description_font=&#8220;|600|||||||&#8220; description_text_color=&#8220;#7F61A1&#8243; description_font_size=&#8220;20px&#8220; custom_padding=&#8220;20px|20px|20px|20px|false|false&#8220;][\/ba_icon_box][\/et_pb_column][\/et_pb_row][et_pb_row column_structure=&#8220;1_3,1_3,1_3&#8243; use_custom_gutter=&#8220;on&#8220; gutter_width=&#8220;2&#8243; make_equal=&#8220;on&#8220; _builder_version=&#8220;4.9.7&#8243; _module_preset=&#8220;default&#8220; width=&#8220;90%&#8220;][et_pb_column type=&#8220;1_3&#8243; _builder_version=&#8220;4.9.7&#8243; _module_preset=&#8220;default&#8220; background_color=&#8220;#E5DEED&#8220; use_background_color_gradient=&#8220;on&#8220; background_color_gradient_start=&#8220;#ffffff&#8220; background_color_gradient_end=&#8220;#e5deed&#8220; background_color_gradient_type=&#8220;radial&#8220; background_color_gradient_direction_radial=&#8220;top left&#8220; border_radii=&#8220;on|20px|20px|20px|20px&#8220; border_width_all=&#8220;2px&#8220; border_color_all=&#8220;#9F7BB6&#8243; box_shadow_style=&#8220;preset3&#8243;][ba_icon_box icon=&#8220;%%202%%&#8220; title=&#8220; &#8220; description=&#8220;Wir schaffen eine Atmosph\u00e4re, in der sich unsere Klienten, Angeh\u00f6rige und unsere Mitarbeiter positiv aufgenommen und einbezogen f\u00fchlen.&#8220; icon_color=&#8220;#7F61A1&#8243; _builder_version=&#8220;4.9.7&#8243; _module_preset=&#8220;default&#8220; description_font=&#8220;|600|||||||&#8220; description_text_color=&#8220;#7F61A1&#8243; description_font_size=&#8220;20px&#8220; custom_padding=&#8220;20px|20px|20px|20px|false|false&#8220;][\/ba_icon_box][\/et_pb_column][et_pb_column type=&#8220;1_3&#8243; _builder_version=&#8220;4.9.7&#8243; _module_preset=&#8220;default&#8220; background_color=&#8220;#E5DEED&#8220; use_background_color_gradient=&#8220;on&#8220; background_color_gradient_start=&#8220;#ffffff&#8220; background_color_gradient_end=&#8220;#e5deed&#8220; background_color_gradient_type=&#8220;radial&#8220; background_color_gradient_direction_radial=&#8220;top left&#8220; border_radii=&#8220;on|20px|20px|20px|20px&#8220; border_width_all=&#8220;2px&#8220; border_color_all=&#8220;#9F7BB6&#8243; box_shadow_style=&#8220;preset3&#8243;][ba_icon_box icon=&#8220;%%202%%&#8220; title=&#8220; &#8220; description=&#8220;Wir gehen offen auf Bewohner anderer Kulturkreise zu. Ziel ist es, gemeinsam unsere Versorgung nach ihren individuellen Bed\u00fcrfnissen auszurichten. Unser Handeln ist hierbei von gegenseitiger Achtung und Toleranz gepr\u00e4gt.&#8220; icon_color=&#8220;#7F61A1&#8243; _builder_version=&#8220;4.9.7&#8243; _module_preset=&#8220;default&#8220; description_font=&#8220;|600|||||||&#8220; description_text_color=&#8220;#7F61A1&#8243; description_font_size=&#8220;20px&#8220; custom_padding=&#8220;20px|20px|20px|20px|false|false&#8220;][\/ba_icon_box][\/et_pb_column][et_pb_column type=&#8220;1_3&#8243; _builder_version=&#8220;4.9.7&#8243; _module_preset=&#8220;default&#8220; background_color=&#8220;#E5DEED&#8220; use_background_color_gradient=&#8220;on&#8220; background_color_gradient_start=&#8220;#ffffff&#8220; background_color_gradient_end=&#8220;#e5deed&#8220; background_color_gradient_type=&#8220;radial&#8220; background_color_gradient_direction_radial=&#8220;top left&#8220; border_radii=&#8220;on|20px|20px|20px|20px&#8220; border_width_all=&#8220;2px&#8220; border_color_all=&#8220;#9F7BB6&#8243; box_shadow_style=&#8220;preset3&#8243;][ba_icon_box icon=&#8220;%%202%%&#8220; title=&#8220; &#8220; description=&#8220;Unsere ganzheitlich-aktivierende Pflege und Betreuung  orientiert sich an dem Strukturmodell SIS  um eine gute Qualit\u00e4t unserer Pflege zu sichern. Die auf die Bewohner und ihre Angeh\u00f6rigen individuell zugeschnittene, bed\u00fcrfnisorientierte Pflege steht im Mittelpunkt unseres Handelns.&#8220; icon_color=&#8220;#7F61A1&#8243; _builder_version=&#8220;4.9.7&#8243; _module_preset=&#8220;default&#8220; description_font=&#8220;|600|||||||&#8220; description_text_color=&#8220;#7F61A1&#8243; description_font_size=&#8220;20px&#8220; custom_padding=&#8220;20px|20px|20px|20px|false|false&#8220;][\/ba_icon_box][\/et_pb_column][\/et_pb_row][et_pb_row column_structure=&#8220;1_3,1_3,1_3&#8243; use_custom_gutter=&#8220;on&#8220; gutter_width=&#8220;2&#8243; make_equal=&#8220;on&#8220; _builder_version=&#8220;4.9.7&#8243; _module_preset=&#8220;default&#8220; width=&#8220;90%&#8220; custom_margin=&#8220;||100px||false|false&#8220;][et_pb_column type=&#8220;1_3&#8243; _builder_version=&#8220;4.9.7&#8243; _module_preset=&#8220;default&#8220; background_color=&#8220;#E5DEED&#8220; use_background_color_gradient=&#8220;on&#8220; background_color_gradient_start=&#8220;#ffffff&#8220; background_color_gradient_end=&#8220;#e5deed&#8220; background_color_gradient_type=&#8220;radial&#8220; background_color_gradient_direction_radial=&#8220;top left&#8220; border_radii=&#8220;on|20px|20px|20px|20px&#8220; border_width_all=&#8220;2px&#8220; border_color_all=&#8220;#9F7BB6&#8243; box_shadow_style=&#8220;preset3&#8243;][ba_icon_box icon=&#8220;%%202%%&#8220; title=&#8220; &#8220; description=&#8220;Der Mensch wird von uns grunds\u00e4tzlich in seiner Individualit\u00e4t und als selbstst\u00e4ndig und verantwortlich f\u00fcr sein Handeln gesehen. Ist die Eigenverantwortung und Selbstst\u00e4ndigkeit eingeschr\u00e4nkt oder beeintr\u00e4chtigt, sehen wir unsere Aufgabe darin, diese zu erhalten, wiederherzustellen oder beratend und unterst\u00fctzend zur Seite zu stehen.&#8220; icon_color=&#8220;#7F61A1&#8243; _builder_version=&#8220;4.9.7&#8243; _module_preset=&#8220;default&#8220; description_font=&#8220;|600|||||||&#8220; description_text_color=&#8220;#7F61A1&#8243; description_font_size=&#8220;20px&#8220; custom_padding=&#8220;20px|20px|20px|20px|false|false&#8220;][\/ba_icon_box][\/et_pb_column][et_pb_column type=&#8220;1_3&#8243; _builder_version=&#8220;4.9.7&#8243; _module_preset=&#8220;default&#8220; background_color=&#8220;#E5DEED&#8220; background_enable_color=&#8220;off&#8220; use_background_color_gradient=&#8220;on&#8220; background_color_gradient_start=&#8220;#ffffff&#8220; background_color_gradient_end=&#8220;#e5deed&#8220; background_color_gradient_type=&#8220;radial&#8220; background_color_gradient_direction_radial=&#8220;top left&#8220; border_radii=&#8220;on|20px|20px|20px|20px&#8220; border_width_all=&#8220;2px&#8220; border_color_all=&#8220;#9F7BB6&#8243; box_shadow_style=&#8220;preset3&#8243;][ba_icon_box icon=&#8220;%%202%%&#8220; title=&#8220; &#8220; description=&#8220;Die Qualit\u00e4t der Versorgung unserer Bewohner unterliegt einem kontinuierlichen Analyse-, Anpassungs- und Optimierungsprozess. Unsere Mitarbeiter sind deshalb verpflichtet, an regelm\u00e4\u00dfigen Fortbildungen teilzunehmen. Sie erweitern dadurch ihre Kompetenz und stellen diese Bewohnern und deren Angeh\u00f6rigen zur Verf\u00fcgung.&#8220; icon_color=&#8220;#7F61A1&#8243; _builder_version=&#8220;4.9.7&#8243; _module_preset=&#8220;default&#8220; description_font=&#8220;|600|||||||&#8220; description_text_color=&#8220;#7F61A1&#8243; description_font_size=&#8220;20px&#8220; custom_padding=&#8220;20px|20px|20px|20px|false|false&#8220;][\/ba_icon_box][\/et_pb_column][et_pb_column type=&#8220;1_3&#8243; _builder_version=&#8220;4.9.7&#8243; _module_preset=&#8220;default&#8220; background_color=&#8220;#E5DEED&#8220; use_background_color_gradient=&#8220;on&#8220; background_color_gradient_start=&#8220;#ffffff&#8220; background_color_gradient_end=&#8220;#e5deed&#8220; background_color_gradient_type=&#8220;radial&#8220; background_color_gradient_direction_radial=&#8220;top left&#8220; border_radii=&#8220;on|20px|20px|20px|20px&#8220; border_width_all=&#8220;2px&#8220; border_color_all=&#8220;#9F7BB6&#8243; box_shadow_style=&#8220;preset3&#8243;][ba_icon_box icon=&#8220;%%202%%&#8220; title=&#8220; &#8220; description=&#8220;Unsere zielorientierte Pflege setzen wir durch den Pflegeprozess um. Dieser spiegelt sich in der Pflegedokumentation wider, die jederzeit dem Bewohner zur Einsicht zur Verf\u00fcgung steht. So werden Ziele gemeinsam mit ihm und gegebenenfalls seinen Angeh\u00f6rigen besprochen und vereinbart.&#8220; icon_color=&#8220;#7F61A1&#8243; _builder_version=&#8220;4.9.7&#8243; _module_preset=&#8220;default&#8220; description_font=&#8220;|600|||||||&#8220; description_text_color=&#8220;#7F61A1&#8243; description_font_size=&#8220;20px&#8220; custom_padding=&#8220;20px|20px|20px|20px|false|false&#8220;][\/ba_icon_box][\/et_pb_column][\/et_pb_row][\/et_pb_section]<\/p>\n","protected":false},"excerpt":{"rendered":"<p><div class=\"et_pb_module ba_animated_text ba_animated_text_0\">\n\t\t\t\t\n\t\t\t\t\n\t\t\t\t\n\t\t\t\t\n\t\t\t\t\n\t\t\t\t\n\t\t\t\t<div class=\"et_pb_module_inner\">\n\t\t\t\t\t<div id=\"dtq-animated-text-0\" class=\"dtq-module dtq-animated-text dtq-front\" data-settings=\"{&quot;strings&quot;:[&quot;&quot;,&quot;Pflegeleitbild&quot;],&quot;showCursor&quot;:true,&quot;loop&quot;:false,&quot;typeSpeed&quot;:50,&quot;startDelay&quot;:300,&quot;backSpeed&quot;:50,&quot;backDelay&quot;:500}\" data-type=\"typed\">\n\t\t\t\t<h2 class=\"dtq-animated-text-head\">\n\t\t\t\t\t <div class=\"dtq-text-animation dtq-animated-text-main dtq-typed-text\"><\/div> \n\t\t\t\t<\/h2>\n\t\t\t<\/div>\n\t\t\t\t<\/div>\n\t\t\t<\/div>Unternehmensleitbild des au\u00dferklinischen Intensivpflegedienstes HE Life-Care GmbH sind grundliegende Gedanken unserer Arbeit beschrieben. Life bedeutet \u201eLeben\u201c. Dieser Gedanke beschreibt den Grundsatz unseres Handelns. Der Lebensbaum in unserem Logo bedeutet f\u00fcr uns Leben, Liebe, Hoffnung, Gl\u00fcck und Harmonie. Dieses Logo haben [&hellip;]<\/p>\n","protected":false},"author":1,"featured_media":0,"parent":0,"menu_order":0,"comment_status":"closed","ping_status":"closed","template":"","meta":{"_et_pb_use_builder":"on","_et_pb_old_content":"","_et_gb_content_width":"","footnotes":""},"class_list":["post-21","page","type-page","status-publish","hentry"],"_links":{"self":[{"href":"https:\/\/he-lifecare.de\/dev\/wp-json\/wp\/v2\/pages\/21","targetHints":{"allow":["GET"]}}],"collection":[{"href":"https:\/\/he-lifecare.de\/dev\/wp-json\/wp\/v2\/pages"}],"about":[{"href":"https:\/\/he-lifecare.de\/dev\/wp-json\/wp\/v2\/types\/page"}],"author":[{"embeddable":true,"href":"https:\/\/he-lifecare.de\/dev\/wp-json\/wp\/v2\/users\/1"}],"replies":[{"embeddable":true,"href":"https:\/\/he-lifecare.de\/dev\/wp-json\/wp\/v2\/comments?post=21"}],"version-history":[{"count":10,"href":"https:\/\/he-lifecare.de\/dev\/wp-json\/wp\/v2\/pages\/21\/revisions"}],"predecessor-version":[{"id":274,"href":"https:\/\/he-lifecare.de\/dev\/wp-json\/wp\/v2\/pages\/21\/revisions\/274"}],"wp:attachment":[{"href":"https:\/\/he-lifecare.de\/dev\/wp-json\/wp\/v2\/media?parent=21"}],"curies":[{"name":"wp","href":"https:\/\/api.w.org\/{rel}","templated":true}]}}